 prime factors of z.
5, 7
Suppose 3*v = 2*v + 2. Suppose -4*c + 5*q - 2*q - 9 = 0, 12 = -v*c + 4*q. What are the prime factors of -12*(-3 + c + 2)?
2, 3
Let j(l) = 19*l**3 + 2*l**2 - 1. What are the prime factors of j(1)?
2, 5
Suppose 4*k = k - 243. Let a = -54 - k. What are the prime factors of a?
3
Suppose -2*x - 3*z - 11 = -123, 2*z + 318 = 5*x. What are the prime factors of x?
2, 31
Let c be (2/(-6))/(1/(-39)). Let s = -5 + c. List the prime factors of s.
2
Let s(b) = 3*b - 3. What are the prime factors of s(7)?
2, 3
Suppose -70 = -2*w - 0*w. Suppose -7*c = -2*c - 5*o - w, 4*o = c - 7. Suppose c = s + 2. What are the prime factors of s?
5
Let o(c) = -c**2 - 5*c + 3. Suppose 0 = -0*f - 2*f - 10. Let x be o(f). What are the prime factors of -6*x*2/(-6)?
2, 3
Let s(f) = 19*f**2 + 14*f + 58. List the prime factors of s(-4).
2, 3, 17
Suppose -z - 2*s - 1 - 3 = 0, -2*s = -3*z - 20. What are the prime factors of (-124)/(-8) - z/(-4)?
2, 7
Let w = 372 + -256. What are the prime factors of w?
2, 29
Let m be (-3 + 7 - 1) + 2. Suppose -3*h + 48 = -3*l, -4*l - 28 = -6*h + m*h. List the prime factors of h.
2, 3
Suppose 0 = -5*m + 20, 29 = 3*a + m + 4*m. Let w(g) = 5*g - 2*g**2 - 2 + 2*g**2 - g**2. List the prime factors of w(a).
2
Suppose 3*y = 5*f - 37, -f - 4*f + y = -29. Suppose 3*o = f*q - 197, -o + 2 = 1. List the prime factors of q.
2, 5
Let w(l) = -10*l - 4. List the prime factors of w(-5).
2, 23
Let l be 6/(-9)*(-18)/4. Suppose -l*j + 24 = j. What are the prime factors of j?
2, 3
Suppose -2*o = -o - 6. Let j = 4 + 0. Suppose -i + j*l - 26 = -3*i, -3*i + 5*l = -o. List the prime factors of i.
7
Suppose 55 = -4*p - 0*g - 5*g, 3*p + 4*g + 42 = 0. Let h = 41 + p. List the prime factors of h.
31
Let d be 2 + 0 + (0 - 4). What are the prime factors of 20/5*(-1)/d?
2
Let v be (-6)/(-21) + (-24)/(-14). Suppose -2*d = 5*n - 4*d - 36, -4*n + 30 = -v*d. What are the prime factors of n?
2, 3
Suppose 0 = 5*q - 8*q + 9. Suppose q*j = j + 86. List the prime factors of j.
43
Let i = -156 + 207. List the prime factors of i.
3, 17
Let c(z) = z + 1. Let g be c(6). Suppose g = h - 0. Let o(p) = p**2 - 5*p - 4. What are the prime factors of o(h)?
2, 5
Let v be (6 - 1)*2/2. Let z(y) = -y**2 + 7*y - 5. Let n be z(6). Let q = v + n. What are the prime factors of q?
2, 3
Suppose 6*x + 4*l = 2*x + 28, 2*x - 4*l - 2 = 0. Suppose -5*w = 3*d - 39, 2*w - x*d - 2 = -5. List the prime factors of w.
2, 3
Let z = -3 + -6. List the prime factors of 2/(-3) + (-240)/z.
2, 13
Let v(a) = -a + 18. What are the prime factors of v(-14)?
2
Let g(x) = -5*x + 8. What are the prime factors of g(-6)?
2, 19
Suppose -4*i = -2*i - 80. List the prime factors of i.
2, 5
Let z = -1 - -7. Let l = z - -17. List the prime factors of l.
23
Let n be 228/(-14) + (-2)/(-7). Let f be (-2)/(-8) - 140/n. Let q = f + 0. List the prime factors of q.
3
Let q(z) = z**2 + 13*z + 25. Let k be q(-11). Suppose 25 = 4*h + h. Suppose -v + 11 = -0*v - k*p, 55 = 5*v - h*p. List the prime factors of v.
11
Suppose a - 47 = -5*x, -3*a + 2*x = -x - 141. What are the prime factors of a?
47
List the prime factors of 10/(-2)*5*-3 - 3.
2, 3
Let o be 7*2/(4/10). What are the prime factors of (o/15)/(2/18)?
3, 7
Let x(g) = -g**3 - 6*g**2 - 9. Let w be x(-7). Suppose -w = -4*b + 108. List the prime factors of b.
37
List the prime factors of -275*((-39)/(-15) + -3).
2, 5, 11
Suppose -4*o = -9*o + 25. Suppose -2*r - 15 = 4*k - o, -4*k - 31 = -5*r. What are the prime factors of r?
3
Suppose q + 4*r + 14 = 0, 0 = -3*q + 2*r - 7*r - 7. List the prime factors of q.
2, 3
Let s(a) = -a**3 - 9*a**2 + 8*a - 14. Let b be s(-10). Suppose b*t - 3*t = -3*w + 111, 193 = 5*w + 3*t. Suppose -4*o + w = -31. What are the prime factors of o?
2, 3
List the prime factors of (1*33)/((-21)/(-28)).
2, 11
Let d(b) = 2*b + 4. Suppose 3*u + 0*u - 60 = 0. Suppose -2*i + u = 3*i, -4*i + 24 = 2*x. What are the prime factors of d(x)?
2, 3
Let h(t) = 13*t + 40. Suppose 0 = y - 2*d + 2, 3*d - 4 = 4*y - 2*y. Let f(u) = 3*u + 10. Let w(k) = y*h(k) + 9*f(k). List the prime factors of w(0).
2, 5
Let m = 6 - 3. Suppose -4*i - m*k + 2 = -k, -5*k - 13 = 4*i. Suppose 4*b = -p + 35, i*b - 4*p - 50 = -0*b. What are the prime factors of b?
2, 5
Let m(b) = -b**3 - 8*b**2 - b + 2. Let v be m(-8). Let k be (-2)/(-6) - (-22)/6. Suppose -k*u = -3*i + v, 0*i + 4*u = 2*i. What are the prime factors of i?
2, 5
Suppose l - 282 = -4*b + 2*l, -4*b = 4*l - 292. What are the prime factors of b?
71
Let o(g) = 9*g**2 - 5*g + 7. What are the prime factors of o(2)?
3, 11
Let t(w) = w**3 - 4*w**2 - 3. Let s be t(4). Let v be ((-10)/s)/(4/6). Suppose 2*n + 38 = 2*c - 3*n, -v*c + 2*n + 53 = 0. List the prime factors of c.
3
Let r(j) = 40*j - 52. List the prime factors of r(8).
2, 67
Let g = -120 - -204. List the prime factors of g.
2, 3, 7
Suppose 0 = -2*o - 0*a + a + 4, 4*a + 16 = -2*o. Suppose 0 = -5*q + 2*v + 164, q - 6*v + v - 42 = o. What are the prime factors of q?
2
Suppose 3*g - g - 2*r + 12 = 0, 0 = r. Let x = 14 + g. What are the prime factors of x?
2
Let v be (-1 + 205)/(1 + 0). List the prime factors of (v/(-9))/4*-3.
17
Suppose -39 = j - 4*j - 5*g, -4*j = 4*g - 44. Let p = 5 + j. What are the prime factors of p?
13
Suppose -3*a - 6 = 0, -2*a + 0*a - 6 = -o. List the prime factors of 464/(-24)*(-1 - o).
2, 29
Let z be 1 - (-1 + 10) - -3. Let f = 22 + z. What are the prime factors of f?
17
Let q be 14*(-2)/(-4)*-3. List the prime factors of (-102)/(-14) + 6/q.
7
Let k = 16 - 8. Suppose -t = -2, t - 127 = 3*c - k*c. What are the prime factors of c?
5
Let x be (-363)/9 + 1/3. Let t = -16 - x. Suppose 0 = 3*f + t - 66. What are the prime factors of f?
2, 7
Let y(d) = -d**3 - 14*d**2 - 15*d - 17. What are the prime factors of y(-13)?
3
What are the prime factors of 2/9 + (-5)/((-180)/12232)?
2, 5, 17
Let b(w) = -w - 5. Suppose -4*h - 43 = -11. Let v be b(h). What are the prime factors of v + -5 + 28/2?
2, 3
Let q(n) = -2*n**3 + 2*n. Let j = -4 - -2. Let k be q(j). Suppose k - 42 = -3*g. What are the prime factors of g?
2, 5
Suppose 2*c + c - 2*p - 5 = 0, 3*c - 4*p = -5. What are the prime factors of c?
5
List the prime factors of (-1024)/(-3) - (-4)/6.
2, 3, 19
Let f(x) = x**3 + 5*x**2 + 2*x - 4. What are the prime factors of f(-3)?
2
Let b = -5 + -8. Let z = 4 + b. Let p = z + 16. What are the prime factors of p?
7
Let g = 1 - 5. Let h = g + 14. List the prime factors of h.
2, 5
Let a(w) = 1 - 2 - 2*w**2 + 3*w**2 - 8*w + 2*w. What are the prime factors of a(8)?
3, 5
Let r = -24 - -52. What are the prime factors of r?
2, 7
Let g(a) = a**2 - a + 11. List the prime factors of g(5).
31
Suppose -4*w + 0*o - o = -7, 5*o = -5*w + 5. Suppose -13 + 104 = 3*d + 2*f, w*d - 2*f - 54 = 0. List the prime factors of d.
29
Let b = -9 + 12. List the prime factors of b + 5 + -2 + -1.
5
Let z(q) = -12*q - 1. Let x be z(5). Let r = -41 - x. List the prime factors of r.
2, 5
Let d = 8 - 6. Suppose -2*r = -4 + d. List the prime factors of 5/(10/12)*r.
2, 3
Suppose h - 2*h - 34 = 0. Let q = -3 - -9. What are the prime factors of h/(-3) - 2/q?
11
Suppose 1 = -3*h + 4*h. Let s(m) = 7*m - 1. List the prime factors of s(h).
2, 3
Let g(u) = -6*u**3 - u**2 + 3*u + 7. List the prime factors of g(-3).
151
Let k be (2/(-4))/(2/20). Let y(w) = 6*w + 0*w - 4*w**2 + 0*w**3 + 7 - w**3. What are the prime factors of y(k)?
2
Suppose -3*v - 209 = -524. Suppose 6*w - v = w. Let k = 29 - w. What are the prime factors of k?
2
Suppose -3*x + 0 = -6. List the prime factors of (x - 15/6)*-76.
2, 19
Let c(b) = 29*b**3 - 2*b + 1. List the prime factors of c(1).
2, 7
Let u = -6 - -26. List the prime factors of u.
2, 5
Suppose -5*n + 219 = 3*a - 2*n, 5*a + 4*n - 363 = 0. What are the prime factors of a?
71
Let l be 156/8 - 1/(-2). Suppose -1 + 7 = s - 2*z, -5*s + 5*z + l = 0. List the prime factors of s.
2
Suppose h + 3*h + 304 = 0. What are the prime factors of (h/(-6))/((-4)/(-6))?
19
Let x be 81/12 + (-1)/(-4). Suppose 3*f + 4*z - x = -z, 2*f + 5*z + 2 = 0. What are the prime factors of f?
3
Let b = 4 + -4. Suppose -o + 5 = -b*o. List the prime factors of o.
5
Let b(x) = 7*x - 3. Let m be b(2). What are the prime factors of (-6)/3 - (1 - m)?
2
Suppose -6*j + 40 = -2*j. Suppose 6*n = n + j. Suppose -7*b = -n*b - 60. List the 